hat are the prime factors of r?
7, 13
List the prime factors of ((-17)/5 + 87/(-145))/(4/(-2382)).
2, 3, 397
Let p = -15270 + 22377. What are the prime factors of p?
3, 23, 103
Suppose -58 = 3*s + 56. Let u = s + -61. Let v = -95 - u. List the prime factors of v.
2
Suppose -j = -5*m + 25081, 3*j - 191 = -209. What are the prime factors of m?
5, 17, 59
List the prime factors of ((-98)/3 + -1)/(4*12/(-54576)).
101, 379
Let h(x) = -17*x**3 - 37. List the prime factors of h(-7).
2, 2897
Let v(w) = w**2 - 2*w - 26. Let p be v(0). Let m be (-4)/p + (-1983)/(-39) + -4. Suppose -j - 5*x = -m - 34, 5*j = -5*x + 305. What are the prime factors of j?
2, 7
Let v(o) = 9*o - 2. Let z be v(-1). Let j be (-174)/(-11) - 2/z. List the prime factors of (-198)/(-7) - j/56.
2, 7
Let f(z) = z - 3. Let j be 2/10 + 44/5. Let g be f(j). Suppose -3*y = -g*y + 288. List the prime factors of y.
2, 3
Let b = 14641 + -8955. List the prime factors of b.
2, 2843
Let p be ((30/(-4))/(-1))/(51/(-68)). Let o be 6/p - (4/10 - 6). Suppose -2*i + i - 166 = -o*l, 2*l - 5*i = 48. List the prime factors of l.
2, 17
Suppose -4*i - 2*o - 2*o = 68828, 0 = 3*i - o + 51625. Suppose 0 = -11*m - 210 - 681 - 957. List the prime factors of (-8)/(-14) + i/m.
103
Let l = 23432 - 16554. List the prime factors of l.
2, 19, 181
Let o be (-1 + 0)*6 - 327. What are the prime factors of o/(-3) + -5 + -1?
3, 5, 7
Let v(q) = -3*q**3 + 10*q**2 + 25*q + 2. Let z be v(5). Let a = 260 + 52. Suppose -5*g + w + 802 = -2*w, -z*g - w = -a. List the prime factors of g.
2, 79
Suppose 34744 = 4*l + 3*v, 26*l - 5*v = 29*l - 26069. What are the prime factors of l?
19, 457
Suppose -91*u = -664073 - 245563. List the prime factors of u.
2, 3, 7, 17
Suppose 45772 = 31*l + 43256 - 594916. List the prime factors of l.
2, 3, 11, 73
Let h = -42 + -90. Let m = 106 - h. Let j = -141 + m. List the prime factors of j.
97
Let t = 58437 - 36570. List the prime factors of t.
3, 37, 197
Suppose -416 = 3*o - 16592 - 18615. What are the prime factors of o?
11597
List the prime factors of 0 - 12 - (-3214839)/83.
3, 12907
Let a be 489 + (9/27)/(3/(-27)). Let o = -162 + a. What are the prime factors of o?
2, 3
What are the prime factors of 2186/(-10)*30/(-54) - (-8)/(-18)?
11
Let s = -1122 + 2739. Let h = -982 + 986. Suppose -h*c - 7*c = -s. List the prime factors of c.
3, 7
Suppose -165*x = -130*x - 1101170. What are the prime factors of x?
2, 15731
Let b = -2632 + 9633. What are the prime factors of b?
7001
Let z = -9515 - -42581. List the prime factors of z.
2, 3, 11, 167
Suppose 15 = -3*r, -5*u - 3*r = -4 + 9. Suppose -l = -h - u*h - 1304, 5128 = 4*l + 10*h. What are the prime factors of l?
2, 17, 19
Let o be (-243)/405 - (-96)/10. Suppose -1615 = -o*z - 85. What are the prime factors of z?
2, 5, 17
Let a(g) = -3*g - 22. Let p be a(-8). Suppose -5*s - 3*r = -1, p*s + 9 = 5*s - r. Suppose -2*m - 80 = -2*j, s*j + m + 216 = 7*j. List the prime factors of j.
2, 11
Let b(k) = 49*k - 120. Let j be b(12). Suppose -414 - j = -9*h. List the prime factors of h.
2, 7
Let p = -11959 + 19735. List the prime factors of p.
2, 3
What are the prime factors of (5/(-10))/(7/(-116606))?
8329
Let t be ((-435)/(-12) + -2)*44. What are the prime factors of (-12)/42 + t/7?
5, 43
Suppose -41*l + 12 = -37*l. Suppose l*a - n = 2*n + 534, 0 = -2*a - n + 353. Suppose -2*h = -219 - a. What are the prime factors of h?
2, 3, 11
Let q(t) = 3*t**2 + 6*t + 3. Let f be q(-2). Let h be (0 - f)/(9/(-201)) + 2. Let n = h + -56. What are the prime factors of n?
13
Let w = 53364 - -16034. List the prime factors of w.
2, 7, 4957
Suppose -8*b - 113925 = 4*b - 17*b. List the prime factors of b.
3, 5, 7, 31
List the prime factors of 3672 - 156/(-36)*-3.
3659
Let a(k) = -12 - 18*k**3 - 11*k + 0*k**2 + 19*k**3 + 2*k**2. Let b be a(-4). Suppose 141 = 3*c - b*c. List the prime factors of c.
47
Suppose 21*z = 12*z - 23*z + 125088. What are the prime factors of z?
3, 1303
Let u(c) be the second derivative of c**5/20 + c**4/4 + c**3/6 - 3*c**2/2 + 17*c. Let o be u(-4). Let i = o + 64. What are the prime factors of i?
41
Suppose -2*g - n + 5017 = 0, 0 = -3*g + 12*n - 8*n + 7509. List the prime factors of g.
23, 109
Let z(b) = 12*b**2 + 0*b - 29*b**3 + 26*b**3 - 26*b**3 + 4*b - 4. Let r be z(-3). Suppose -7*u = -2*u - r. List the prime factors of u.
5, 7
Let g = -118 + 121. List the prime factors of 834/g - (-2 - -7).
3, 7, 13
Suppose 1 = 7*p + 8. Let w be (1 - (-2 + 3))*p. Suppose w = x + 3*g - 31, -g - 4*g + 21 = x. List the prime factors of x.
2, 23
Suppose k - 4*w = 14162, 26*w - 29*w = 4*k - 56572. What are the prime factors of k?
2, 11, 643
Let d(s) = 14*s**3 + 2*s**2 + 3*s - 10. Let i be d(5). Suppose -5*j = -4*g - i, -j + 408 = -2*g + 53. What are the prime factors of j?
5, 73
Let t = 7 - 4. Suppose 2*q - 64 = 16. Suppose t*n = n + q. List the prime factors of n.
2, 5
Suppose -4*k = -k + 51. Let t = 20 + k. What are the prime factors of ((-2)/t)/(8/(-852))?
71
Let s = -200 + 5503. List the prime factors of s.
5303
Let p = 76 + -73. Suppose -7 = -p*r + 2. Suppose -r*t = -2*n - 401, -2*t + n = 2*n - 258. List the prime factors of t.
131
Suppose -69*v + 3554746 = 1049356. List the prime factors of v.
2, 5, 3631
Suppose -3*t = -5*o + 1, 0 = -0*t + 4*t + 2*o - 16. Suppose -t*z + 428 = -h, h + 3*h + 8 = 0. Suppose -4*f + 794 - z = 0. List the prime factors of f.
163
Let t(n) = -5*n**3 + 68*n**2 - 26*n - 11. Let g be t(13). What are the prime factors of 7/(((-3)/g)/((-111)/74))?
7, 79
Suppose 2*u + 3 + 1 = 0. Let t(a) = -6*a + 6. Let n(f) = -6*f + 5. Let z(i) = u*n(i) + 3*t(i). What are the prime factors of z(-10)?
2, 17
Let t(v) = v**3 + 6*v**2 - 24*v - 14. Let f be t(-12). What are the prime factors of (-2)/(-4*(-5)/f) + -5?
2, 3
Suppose 15358 - 2848 = 15*z. Let y = -177 + z. What are the prime factors of y?
3, 73
Suppose -4*w - 23381 = -b, 2*b - 36996 = w + 9794. What are the prime factors of b?
3, 11, 709
Let i(p) = -72*p + 32. Let k be i(-6). Let d = k - 190. What are the prime factors of d?
2, 137
Let p = 26 + -6. Let m be 1/(-4) - (-5805)/p. List the prime factors of ((-1)/2 + -1)*m/(-15).
29
Let a = 107 + -112. What are the prime factors of (-3)/((-5)/((-900)/a))?
2, 3
Let d(t) be the second derivative of -t**3 + 3*t**2/2 - 8*t. Let a be d(-1). List the prime factors of 52/1 - (-6 + a).
7
Suppose 15*g - 135 + 75 = 0. Suppose 1830 = -g*h + 4574. What are the prime factors of h?
2, 7
Suppose -2*i = -4*d - 54, -4*d + 4*i - 10 - 54 = 0. List the prime factors of (4 - 6)/2*d.
11
Suppose t - 2*t = -692. Suppose t = -3*b + 221. Let m = 276 + b. What are the prime factors of m?
7, 17
Let x = 446 - 204. Suppose 2 = -3*v + x. Suppose v*d - 178 = 78*d. List the prime factors of d.
89
Let b(m) = 2*m**2 - 52*m + 4258. List the prime factors of b(0).
2, 2129
Suppose -s - 7*i + 63 = -2*i, 2*i = -5*s + 430. Suppose -s - 88 = -l. Let n = 343 - l. What are the prime factors of n?
167
Let k(r) = -7*r + 9 + r + 2 + 7*r. Let z be k(-8). Suppose z*q - 39 = -4*l, -5 - 9 = -l - 5*q. List the prime factors of l.
3
Let c(w) = -2*w**2 - 6*w + 34. Let l be -3*(5 + 40/(-6)). Let a be c(l). Let i = -40 - a. What are the prime factors of i?
2, 3
Let f = 14096 + -7942. What are the prime factors of f?
2, 17, 181
Let x(r) = -13*r**3 + 5*r**2 - 40*r - 304. List the prime factors of x(-12).
2, 5, 73
Let g = -2650 - -3982. List the prime factors of g.
2, 3, 37
Suppose 2*t + 4*u = 8796, 4 = -4*u - 20. What are the prime factors of t?
2, 3, 5, 7
List the prime factors of (-123326)/28*4*3/(-3).
2, 23, 383
Let w = 1767 - -683. List the prime factors of w.
2, 5, 7
Let u(x) = -x**3 + 71*x**2 - x + 60. Let j be u(71). Let i be 3/((3/(-26))/(-3)). Let v = i - j. List the prime factors of v.
89
Let z = 12763 + -7915. List the prime factors of z.
2, 3, 101
Let b(v) = -v**3 - 26*v**2 - 33*v + 73. Let y be b(-25). List the prime factors of 13/(y/154)*150/4.
5, 11
Suppose -3*x = 2*w - 31996, -5*x + 2*w + w + 53352 = 0. List the prime factors of x.
2, 3, 7, 127
Suppose -27*w = 565*w - 50552064. What are the prime factors of w?
2, 3, 593
Suppose -27*z + 192858 = -7347. What are the prime factors of z?
5, 1483
Let m be 2540/12 + 1/3. Let d = -333 - -209. Let n = d + m. What are the prime factors of n?
2, 11
Let k = 5653 +